et s be y(-4). Let i = s - 10. List the prime factors of i/(-9)*15*-3.
3, 5
Let p = 1 - -1. Suppose 0*l + 3*l + n - 138 = 0, 88 = 2*l + p*n. What are the prime factors of l?
47
Let d(a) = a**3 - a**2 - 3*a + 1. Let g be d(2). List the prime factors of g - -3 - 2 - -5.
5
Suppose i + 1339 = s, 2675 = 2*s - 28*i + 23*i. List the prime factors of s.
2, 5, 67
Suppose -26 = -3*f + g, 1 = -f - g + 3. Suppose -451 = f*l - 2390. What are the prime factors of l?
277
Let f be 42/((-552)/(-140) + -4). What are the prime factors of 34/187 - f/11?
67
Let r(p) = -262*p - 95. What are the prime factors of r(-3)?
691
Suppose -3*j = -q - 67, 0 = -5*j + 4*q + 48 + 59. Suppose 0 = 41*s - 42*s + j. List the prime factors of s.
23
Suppose -15*d = -12*d - 432. Let q = d - 82. List the prime factors of q.
2, 31
Let q = 14 + -12. Suppose 2*b - 93 - 98 = -w, -q = -2*w. List the prime factors of b.
5, 19
Let s = -3117 + 5773. List the prime factors of s.
2, 83
What are the prime factors of 22308/12*(3 - 2)?
11, 13
Let r = 590 - -173. List the prime factors of r.
7, 109
Let m(a) = 20*a**2 - 35*a + 175. List the prime factors of m(7).
2, 5, 7, 13
Let v(h) = -h**2 + h + 96. Let d be v(0). Let g = d - 23. List the prime factors of g.
73
Let k be (60/(-50))/((-4)/10). Suppose 3*z = -k*n + 147, -z + 0*z + 4*n + 49 = 0. List the prime factors of z.
7
Suppose 3*b = 2*f - 4541, 0*b + 3*f + 6066 = -4*b. Let a be (-3)/18 - b/18. Suppose 0*g + 3*g = a. What are the prime factors of g?
2, 7
Let u(x) = -x**2 - 10*x + 7. Let g be u(-10). Let w = g + -7. Suppose w = s + 4*s - 115. What are the prime factors of s?
23
What are the prime factors of (74 + -62)*199/(-4)*-1?
3, 199
Let i be ((-8)/4)/(1 - 2). Suppose 15 = -3*f, -333 = -2*o - i*o + 5*f. List the prime factors of o.
7, 11
Suppose -35*m = -32*m - 15. Suppose 2*w + 5*g = 111 + 66, 15 = -m*g. List the prime factors of w.
2, 3
Let k = -353 + 999. List the prime factors of k.
2, 17, 19
Suppose -3*d - 9 = -24. Suppose -d*n + 59 + 1 = 0. Suppose 0 = -3*v + n, -5*i + 104 = -i - 5*v. What are the prime factors of i?
31
Suppose -17 = -s - 2*i, 3*i - 3 = 3*s - 18. What are the prime factors of (4/(-6)*s)/((-3)/26)?
2, 13
Let v be 184/(-44) - (-6)/33. Let l be 0 + (-20)/(v/(-4)). Let b = l - -34. What are the prime factors of b?
2, 7
Suppose 16*j - 11*j = 0. Suppose 3*w + j*y = 3*y + 66, -32 = -w + 3*y. List the prime factors of w.
17
Suppose -12*g + 0 = -36. Suppose -3*j + 806 = g*f + 11, -2*f = 3*j - 800. What are the prime factors of j?
2, 3, 5
Suppose g - 15 = -4*g, 24 = 4*y + 4*g. Let q(s) = s**3 - 4*s**2 + 7*s - 10. List the prime factors of q(y).
2
Suppose 3*c - 6*c = -5*b + 17, 4*b - 20 = -4*c. Let s be 73/c - (5 + -2). Suppose 3*l - s = 14. List the prime factors of l.
2, 7
Suppose 0 = -22*z + 8*z + 4620. List the prime factors of z.
2, 3, 5, 11
Let x be 1/2 + 81/18. Suppose -5*j = -3*c + 217, -x*j = -c - 0*j + 79. What are the prime factors of c?
3, 23
Suppose 242*n - 251*n = -15138. List the prime factors of n.
2, 29
Suppose -536 = -12*k + 8*k. Suppose 4*g - 6*g - k = 0. Let m = 138 + g. List the prime factors of m.
71
Let z = -4 - -7. Suppose -8*j - z = -5*j. Let v = j + 10. List the prime factors of v.
3
Let o be (-16)/(-10) + 40/100. Let s(v) = 11*v**2 - 3*v + 5. List the prime factors of s(o).
43
Suppose 3*c - 22 = -2*y, -10*y - 32 = -14*y - 3*c. Suppose -905 = -5*k + v, k = 2*k + y*v - 181. What are the prime factors of k?
181
Let v(f) = -2*f**3 - 22*f**2 - 8*f + 1. Let i = 52 + -63. What are the prime factors of v(i)?
89
Suppose 214*q + 3651 = 215*q. What are the prime factors of q?
3, 1217
Let h be 0/(3 + -4 + 2). Suppose 4*k + f - 6 = 0, 2*k + 3*f - 7*f - 12 = 0. List the prime factors of 35 + k + (h - -1).
2, 19
List the prime factors of (-1 + 2)*(-7 + 1 - -547).
541
Suppose 5*z - z + 20 = 0. Let v(r) = 2*r + r**2 + 4*r - 3*r + 28 - 24. List the prime factors of v(z).
2, 7
Let d = 208 + -81. List the prime factors of d.
127
Suppose 0 = -8*m + 2*m + 1668. Suppose n - 5*n + 1112 = 2*c, n - m = -3*c. List the prime factors of n.
2, 139
Let m(y) = 13*y - 59. Suppose -173 + 61 = -14*t. What are the prime factors of m(t)?
3, 5
Suppose 0 = 2*d - 34*d + 2176. List the prime factors of d.
2, 17
Let d = -7 - 30. Let s = d - -181. List the prime factors of s.
2, 3
Suppose 44*o - 27*o = 306. What are the prime factors of o?
2, 3
What are the prime factors of -1 - (-4980)/14 - (-4)/14?
5, 71
Let c(k) = -13*k + 13. Let d be c(8). Suppose 2*w + 10 = -18. Let a = w - d. List the prime factors of a.
7, 11
Suppose 3*w - 4*m = 14, -19 = 4*w + 2*m - 1. What are the prime factors of (-18)/(-15)*(w + (-838)/(-4))?
3, 83
What are the prime factors of -1 + (-1 - (-648 - 1))?
647
Let t = -270 - -542. Let z = -116 + t. List the prime factors of z.
2, 3, 13
Let q = 1205 + -628. What are the prime factors of q?
577
Let q = -111 + 113. Suppose -3*p = -81 - 99. Suppose 4*l + p = c, 0*l + 76 = q*c + 3*l. What are the prime factors of c?
2, 11
Let z = -727 - -1522. Suppose 4*a = -o + z, -2*a + 4*a = -2*o + 402. List the prime factors of a.
2, 3, 11
Let t(m) be the third derivative of 0 + 10*m**2 - 1/3*m**3 + 7/30*m**5 - 1/8*m**4 + 0*m. List the prime factors of t(-1).
3, 5
Suppose -3*p - 5*s = -2*p + 12, 5*p + s = 60. List the prime factors of p.
13
Let f(t) = 508*t - 90. What are the prime factors of f(3)?
2, 3, 239
Let m(d) = d. Suppose 5*h + 0*r + 12 = 3*r, 5*r + 20 = -5*h. Let q(w) = 4*w + 14. Let y(z) = h*m(z) + q(z). What are the prime factors of y(-10)?
2
Let v(p) be the first derivative of -p**2 + p**3 - p - 1 - 5 + 4*p**2 - 2*p**2. List the prime factors of v(-3).
2, 5
Let j = 93 - -21. Suppose 228 = 4*i - 3*r, 0 = -4*i + 2*i - r + j. What are the prime factors of i?
3, 19
Let x(u) be the second derivative of u**5/20 - 5*u**4/12 + 7*u**3/6 - u**2/2 + 20*u. What are the prime factors of x(4)?
11
Let u be (-6)/(-4)*16/2. Let o = -12 + u. Suppose 3*b - 27 = -2*b - 2*y, o = -5*b + 4*y + 51. List the prime factors of b.
7
List the prime factors of (-4)/58 + 511366/551.
2, 29
Let q = -71 + 2. Let k = q - -72. List the prime factors of k.
3
Suppose -3904 = -9*j + j. List the prime factors of j.
2, 61
Suppose -o = -0*o - 504. Let i be 12/30 + o/(-10). List the prime factors of ((-4)/10)/(1/i).
2, 5
Let t be -4 + (0 - (-4 - 0)). Let n(x) = x**3 - 2*x**2 - 4*x + 142. What are the prime factors of n(t)?
2, 71
Let o(x) = x**3 + 6*x**2 - 12*x + 31. Let g be o(-8). Let w(c) = -1 - 33*c**3 - 2*c + c**2 + c**3 - 3*c**2. What are the prime factors of w(g)?
31
Let d = -55 + 92. Suppose k + 4*v = d, k + 122 = 3*k - 4*v. List the prime factors of k.
53
Suppose 47 = -5*t - y - 31, y + 18 = -t. Let n = t - -16. What are the prime factors of -1*n*(-2 + -1)?
3
Let g(h) be the first derivative of 2*h**3/3 + 7*h**2/2 - 2*h - 14. List the prime factors of g(-9).
97
Suppose 0 = 3*b - 4*o + 9*o + 255, 2*o = -4*b - 340. What are the prime factors of (-2 + -18)/(10/b)?
2, 5, 17
Suppose -5*a + 28 = -0*a + 4*y, 3*y = 4*a - 10. Let v = 56 - 54. Suppose h - a*d - 11 = 26, -4*h + 220 = v*d. List the prime factors of h.
53
Let w(y) be the third derivative of 0*y + 0 - 4*y**2 + 4/3*y**3 + 13/24*y**4 - 1/60*y**5. List the prime factors of w(13).
2
Let o be -273*((-3)/(-9) + -1). Suppose 2*j = -8 + o. Suppose -4*u + 58 = -2*u - 5*a, 5*u - j = -2*a. What are the prime factors of u?
19
Let u be (-2)/9 + (-1700)/(-36). Suppose -u = 3*k - 7*k - 5*v, -3*k + 64 = -2*v. What are the prime factors of k?
2, 3
Let u = 16 + -19. Let r be 3*((-6)/2)/u. Suppose -5*x + r*x = -48. List the prime factors of x.
2, 3
Let q(i) = i + 7. Let l be q(-2). Suppose -2*t - 4*g + 30 = 0, l*t - 4*g + 24 - 99 = 0. List the prime factors of t.
3, 5
Suppose j + 129 = -4*n + 1102, -j - 3*n = -969. What are the prime factors of j?
3, 11, 29
Suppose 0 = s - 4*n - 1393, 5*s + 9*n = 5*n + 6917. List the prime factors of s.
5, 277
Suppose 2*y - 581 = -3*s, -2*s - 163 = 5*y - 532. List the prime factors of s.
197
Let r(o) = -2*o - 31. Let u(z) = -z - 30. Let b(l) = -5*r(l) + 6*u(l). List the prime factors of b(9).
11
Suppose -1 = z + x, 7 = -z - 2*x + 8. Let t(u) = -4*u**3 - 2*u**2 + u + 5. List the prime factors of t(z).
2, 23
Let q(a) = -3*a + 36. Let c be q(12). List the prime factors of 1/(2225/(-1115) - (c - 